u. Let g = 59 + -136. List the prime factors of (g/33)/(u/(-33)).
7, 11
Let n(f) = -4*f + 27. Let v be n(7). Let l be v + 32/4 - 4. Suppose -4*j - 3*i + 98 = -73, l*j - 122 = -i. What are the prime factors of j?
3, 13
What are the prime factors of 91081/2 + (-9 - (-84)/8)?
2, 7, 3253
Suppose -3*s - f = 3*f - 268, 5*s = 2*f + 412. Suppose -6*z + z = 2*j - 328, 3*z = -3*j + 195. Let k = s - z. List the prime factors of k.
2, 3
Let c(f) = 5*f**2 + 73*f + 184. What are the prime factors of c(-50)?
2, 4517
Let w(t) be the second derivative of 11*t**3/6 - 13*t**2/2 + t. Suppose 25*d = -d - 26*d + 312. What are the prime factors of w(d)?
53
Let k be 1010/25 - 6/15. Let t(l) = k*l - l - 2*l + 13*l. What are the prime factors of t(2)?
2, 5
Suppose -12*p = 102 - 198. List the prime factors of 8 + -5 + 1264 + p.
3, 5, 17
Let z(x) = 17*x**2 - 110*x - 948. List the prime factors of z(-47).
3, 5, 557
Let a be ((-96)/(-120))/(-4*(-2)/60). What are the prime factors of (3 - (a + -2))*-488?
2, 61
Let g(v) = 3*v**2 - 9*v + 1127. List the prime factors of g(23).
23, 109
Suppose 5*v + 3*v - 616 = 0. Let j(d) = d**2 - 21*d + 82. Let g be j(16). Suppose -l - 149 = -2*h, -g*h - 3*l - v = -3*h. List the prime factors of h.
2, 37
Suppose -67*h = 214*h - 3592023. List the prime factors of h.
3, 4261
Let z(h) = 361*h**2 - 256*h - 6. What are the prime factors of z(-15)?
3, 13, 727
Suppose -y = -4*f - 4*y + 19, 3*f = 4*y + 33. Let u be (2*1)/((2 - -5)/f). Suppose -177 = -u*s - s. List the prime factors of s.
59
Suppose -3*s - 34*l + 37*l = -31980, 5*s - 53320 = l. List the prime factors of s.
3, 5, 79
Let w(t) = 23*t - 54. Let v be w(5). Let i = v + 224. List the prime factors of i.
3, 5, 19
Suppose 4*v = -3*k + 37, 3*k - 6 = -2*v + 23. Suppose k*l + l = 2512. List the prime factors of l.
2, 157
Let b(m) = 16 - 6*m**2 - 7 + 0*m**2 - 9*m**3 + 12*m**3. List the prime factors of b(4).
3, 5, 7
Suppose -80 + 24 = -7*v. Let z(p) = 3*p**2 + 4*p - 4. What are the prime factors of z(v)?
2, 5, 11
Let d(h) = h**3 + 14*h**2 + 10*h - 12. Let b(k) = -5*k + 3. Let s be b(3). Let q be d(s). Suppose -54 = 3*p - q. List the prime factors of p.
2, 17
Let h(p) = 28*p**2 - 168*p - 16. List the prime factors of h(14).
2, 3, 5, 13
Let n(g) = g**2 - 4*g - 7. Let i be n(-2). Let l(q) = -3*q**2 - 1. Let d(t) = 3*t**2 + t. Let m(p) = 3*d(p) + 2*l(p). What are the prime factors of m(i)?
2, 11
Let n(r) be the third derivative of r**4/24 + 7*r**3/2 + 17*r**2. Let f be n(-11). Suppose -f*s + 6*s = -416. What are the prime factors of s?
2, 13
Let h(t) = -709*t + 1979. List the prime factors of h(-21).
2, 4217
Let v = 4040 - -340. List the prime factors of v.
2, 3, 5, 73
List the prime factors of 2 + (-306676)/(-14) + 13 + (-3132)/252.
2, 5477
Let r = -148 + 148. Suppose 5*t + 38 + 62 = r. What are the prime factors of ((-5)/2)/(t/1560)?
3, 5, 13
Suppose -5*i - 12*n + 30156 = -8*n, 18093 = 3*i + 3*n. What are the prime factors of i?
2, 13, 29
Let l be (-5 - (-24)/4)*4. Suppose l*h - v - 1176 - 393 = 0, -4*v - 381 = -h. List the prime factors of h.
3, 131
Let d be 3 + (-12 - 2) + -1. Let o be (d/8)/(2/(-4)). Suppose 0 = 2*f + 3*p + 8, 3*p + 1 = -o*f - 5. What are the prime factors of f?
2
Let d(j) = 15*j**3 + 13*j**2 + 5*j - 47. Let v be d(5). List the prime factors of 3/1 - v/(-2).
2, 3, 7, 13
Suppose -3*z = -5*o - 241, 3*o = -5*z - 0*z + 447. Suppose 315 = -5*a - 0. Let s = z - a. What are the prime factors of s?
2, 3, 5
Let j be 0/((-1)/(-1)) - (43 - 24). Let b = 39 - j. Suppose 52*f + 630 = b*f. What are the prime factors of f?
3, 5, 7
Suppose 0 = -3*w - 182 + 194. Suppose w*j = 5*l - 548, -4*l - l = j - 538. List the prime factors of l.
2, 3
Let v = -38 + 41. Suppose -4*x + 322 = -v*x. Suppose 3*z = c + c - x, 4*c - 3*z = 656. List the prime factors of c.
167
Suppose 96*d - 226542 = 45*d. List the prime factors of d.
2, 2221
Let a(k) = 69*k - 28. Let c be a(13). Let u = c + -447. What are the prime factors of u?
2, 211
Let f(u) = 5*u**2 - u + 33. Suppose -3 = 3*o - 27. List the prime factors of f(o).
3, 5, 23
What are the prime factors of 8/6*(-265 + 3541)?
2, 3, 7, 13
Let w = -91 + 95. Suppose -1088 = -5*s + 2*z - 414, -2*s = -w*z - 260. What are the prime factors of s?
2, 17
Suppose -7642 - 24505 = -61*h. Suppose h*y + 4996 = 531*y. What are the prime factors of y?
1249
Suppose -95225 + 7403 = -18*l. List the prime factors of l.
7, 17, 41
Suppose -7*y = 108*y + 91*y - 1097362. List the prime factors of y.
7, 761
Suppose 0 = -b - 4*o + 20, b - o + 0*o - 30 = 0. Suppose -5*n - 2*n + b = 0. Suppose 186 = 2*r + 4*f, 3*r - n*f + f - 297 = 0. List the prime factors of r.
97
Let n = -4983 - -11496. List the prime factors of n.
3, 13, 167
Let v = -2655 - -30342. List the prime factors of v.
3, 11, 839
Let d be 24387/(-27) + -4 - (-14)/63. Let l = -857 - d. What are the prime factors of l?
2, 5
Let u(l) = -l**3 + l**2 - 3*l + 7312. List the prime factors of u(0).
2, 457
Let h(q) = 33*q - 82*q - 2 - 117*q - 12. List the prime factors of h(-2).
2, 3, 53
Suppose 2*s = 5*p - 66, -s = -4*s + 3*p - 81. Let d = s - -23. Suppose d*m - 385 = -5*m. What are the prime factors of m?
7, 11
Suppose -q + 2*c = -4*q + 16, 2*c - 10 = 0. What are the prime factors of (-1122)/11*q*7/(-2)?
2, 3, 7, 17
Let o = 67834 + -22561. What are the prime factors of o?
3, 15091
Suppose -2*l = -6*l - 3*w - 38, 3*l + 43 = 5*w. Suppose -3*v = 4*h - 37960, -3*v - 23028 + 61000 = -2*h. What are the prime factors of v/154 + 2/l?
2, 41
What are the prime factors of 873 + 19 + 4 + -4 + (4 - 0)?
2, 7
Suppose 3*r = 32*r - 7917. What are the prime factors of r?
3, 7, 13
Let p(t) = 1021*t**2 - 59*t - 117. List the prime factors of p(-2).
5, 19, 43
Let g(n) = 41*n**2 - 81*n - 735. What are the prime factors of g(-9)?
3, 5, 13, 17
Suppose 5 = 5*d + 30. Let a be d*(-261)/(-4)*(-8)/(-15). List the prime factors of (-1)/(-1 - 173/a).
2, 3, 29
Suppose 11*m - 7*m = 4*d + 84784, 4*d = 3*m - 63583. What are the prime factors of m?
3, 37, 191
List the prime factors of (1 + 1)*8/48*873.
3, 97
Let r = 49 + -43. Suppose 5*f = -3*y - r, 0 = -6*y + 3*y + 3*f + 18. Suppose -3*p + 426 = 2*k + k, p - 418 = -y*k. List the prime factors of k.
2, 3, 23
Let c be 13*(1 - 42)*-1. Suppose 7*p - 421 = 3*p - y, 5*p - c = y. Suppose 9*d = 7*d + p. List the prime factors of d.
53
Let z(c) = 4*c + 41. Let u be z(-8). Let t be (-6)/u*(-465)/10. Let f = 43 - t. What are the prime factors of f?
2, 3
Let g = -33 - -48. Let j(h) = h**3 - 14*h**2 - 14*h - 12. Let p be j(g). Suppose 0 = 3*n + 5*m - 243, 5*n - p*m = m + 405. List the prime factors of n.
3
Let j = -1688 + 2895. Suppose -6 = -3*m, 5*m = -2*c - c + j. List the prime factors of c.
3, 7, 19
Let j = -168 - -247. Let a be ((-1162)/(-4))/(4/8). Suppose 4*h - a = j. What are the prime factors of h?
3, 5, 11
Suppose -2*a - k = 1547, -3*a - 2*a = k + 3869. Let n = a - -1405. Suppose s + n = 3*i, 4*s - 3*s = i - 207. What are the prime factors of i?
2, 53
Suppose 0 = -l - 30 - 24. What are the prime factors of l*(-4 + (-12)/6)?
2, 3
Let w = 1016 + -196. Suppose -4*p = p - w. What are the prime factors of p?
2, 41
Let s = 40 - 10. What are the prime factors of (s/(-45))/(5/((-330)/4))?
11
Suppose -33*f = -48*f + 43155. List the prime factors of f.
3, 7, 137
Suppose -38*o + 1927858 = 810578 - 1246206. What are the prime factors of o?
37, 41
Let p(o) = -10*o + 938. What are the prime factors of p(29)?
2, 3
Let d be (0 + -1)/1 + 98 + 28. Suppose -d*u = -113*u - 11268. What are the prime factors of u?
3, 313
Let q(n) = 4*n - 6. Let g be q(2). Let p(z) = -5 - g*z**2 + 47*z**2 + 4*z + 19*z**2 + 1. What are the prime factors of p(1)?
2
Suppose 4*r + 10 + 6 = -4*h, r + 4*h - 2 = 0. List the prime factors of (r/9 - 3648/(-18))*1.
2, 101
Let c(h) = 8*h - 1. Suppose 4*a = 5*y + 119, -a = 4*y + 11 - 46. Let d be (a/28 + 12/(-48))*7. List the prime factors of c(d).
47
List the prime factors of (-4)/6 - (-9798984)/1026.
2, 5, 191
Suppose 5*b - 77 = r - 211, -r + 4*b = -132. Suppose 3*a - 5*d - r = 1105, -d = 2*a - 815. What are the prime factors of a?
2, 3, 17
Suppose 0 = -21*h + 13*h + 40. Let i be 2 + -2*(-4)/8. Suppose i*q - 668 = -h*c, 2*q - 7*q + 5*c = -1140. List the prime factors of q.
2, 113
Let x be 0 - (1 + -3)*1. Suppose 9 = -5*u 